{"id":8,"date":"2020-05-08T13:24:12","date_gmt":"2020-05-08T11:24:12","guid":{"rendered":"https:\/\/kap.agh.edu.pl\/zespol-badawczy-przemyslowych-systemow-sterowania\/?page_id=8"},"modified":"2020-05-11T11:09:19","modified_gmt":"2020-05-11T09:09:19","slug":"kontakt","status":"publish","type":"page","link":"https:\/\/kap.agh.edu.pl\/zespol-badawczy-przemyslowych-systemow-sterowania\/kontakt\/","title":{"rendered":"Kontakt"},"content":{"rendered":"\n<p><strong>Zalecamy kontakt bezpo\u015bredni<\/strong> korzystaj\u0105c z email kierownika zespo\u0142u:<\/p>\n\n\n\n<p>dr hab. in\u017c Ireneusz Dominik, prof. AGH &#8211; <em><a href=\"mailto:dominik@agh.edu.pl\">dominik@agh.edu.pl<\/a><\/em><\/p>\n\n\n\n<hr class=\"wp-block-separator\"\/>\n\n\n\n<p><strong>Kontakt og\u00f3lny<\/strong> przez sekretariat Katedry Automatyzacji Proces\u00f3w KAP:<\/p>\n\n\n\n<p>AGH w Krakowie<br>Wydzia\u0142 In\u017cynierii Mechanicznej i Robotyki<br>Pawilon B-2, I pi\u0119tro, pok. 104<\/p>\n\n\n\n<p>Al. Mickiewicza 30<br>30-059 Krak\u00f3w<\/p>\n\n\n\n<p>tel.: (+48) 12 617-30-62, (+48) 12 617-45-35<\/p>\n\n\n\n<hr class=\"wp-block-separator\"\/>\n","protected":false},"excerpt":{"rendered":"<p>Zalecamy kontakt bezpo\u015bredni korzystaj\u0105c z email kierownika zespo\u0142u: dr hab. in\u017c Ireneusz Dominik, prof. AGH &#8211; dominik@agh.edu.pl Kontakt og\u00f3lny przez sekretariat Katedry Automatyzacji Proces\u00f3w KAP: AGH w KrakowieWydzia\u0142 In\u017cynierii Mechanicznej i RobotykiPawilon B-2, I pi\u0119tro, pok. 104 Al. Mickiewicza 3030-059 Krak\u00f3w tel.: (+48) 12 617-30-62, (+48) 12 617-45-35<\/p>\n","protected":false},"author":1,"featured_media":0,"parent":0,"menu_order":0,"comment_status":"closed","ping_status":"closed","template":"","meta":{"ngg_post_thumbnail":0,"footnotes":""},"_links":{"self":[{"href":"https:\/\/kap.agh.edu.pl\/zespol-badawczy-przemyslowych-systemow-sterowania\/wp-json\/wp\/v2\/pages\/8"}],"collection":[{"href":"https:\/\/kap.agh.edu.pl\/zespol-badawczy-przemyslowych-systemow-sterowania\/wp-json\/wp\/v2\/pages"}],"about":[{"href":"https:\/\/kap.agh.edu.pl\/zespol-badawczy-przemyslowych-systemow-sterowania\/wp-json\/wp\/v2\/types\/page"}],"author":[{"embeddable":true,"href":"https:\/\/kap.agh.edu.pl\/zespol-badawczy-przemyslowych-systemow-sterowania\/wp-json\/wp\/v2\/users\/1"}],"replies":[{"embeddable":true,"href":"https:\/\/kap.agh.edu.pl\/zespol-badawczy-przemyslowych-systemow-sterowania\/wp-json\/wp\/v2\/comments?post=8"}],"version-history":[{"count":5,"href":"https:\/\/kap.agh.edu.pl\/zespol-badawczy-przemyslowych-systemow-sterowania\/wp-json\/wp\/v2\/pages\/8\/revisions"}],"predecessor-version":[{"id":152,"href":"https:\/\/kap.agh.edu.pl\/zespol-badawczy-przemyslowych-systemow-sterowania\/wp-json\/wp\/v2\/pages\/8\/revisions\/152"}],"wp:attachment":[{"href":"https:\/\/kap.agh.edu.pl\/zespol-badawczy-przemyslowych-systemow-sterowania\/wp-json\/wp\/v2\/media?parent=8"}],"curies":[{"name":"wp","href":"https:\/\/api.w.org\/{rel}","templated":true}]}}